). Let z(a) = -9*a**3 - 1. Let f be z(-1). What is the greatest common divisor of f and o?
8
Let h(x) be the first derivative of x**2 - 2*x + 5. Let c be h(3). What is the greatest common divisor of 16 and c?
4
Let w(k) = k - 1. Let n be w(7). Let f = 65 + -35. Calculate the highest common divisor of f and n.
6
Let r = 14 + -10. Let x be (0/1)/(-2 + r). Suppose -g = -x*g - 36. What is the highest common factor of g and 12?
12
Let u(n) = -n**3 + 32*n**2 + 32*n + 72. Let k be u(33). Calculate the greatest common divisor of k and 52.
13
Suppose 2*d - 4*d = 0. Let j be 2 + (d - -2) + 14. Suppose 2*w + 2 = -3*f, -3 = 5*f + 4*w + 3. Calculate the highest common divisor of f and j.
2
Let j = 29 - 13. Let b = -10 - -18. Let f(c) = c**3 - 9*c**2 + 11*c. Let x be f(b). What is the highest common divisor of x and j?
8
Suppose -2*q - 5*b = -b, -5*q + 2*b = -12. Let f = -35 + 37. Suppose 6*n = -a + q*n + 34, 52 = 3*a + f*n. Calculate the highest common divisor of 126 and a.
14
Suppose 4*h = 5*h - 3*c - 5, 4*h = -3*c - 10. Let y = 3 + h. Let u(k) = k**2 + k - 1. Let w be u(y). Calculate the greatest common divisor of w and 15.
5
Let v = -8 + 80. What is the greatest common factor of v and 24?
24
Let y(i) = 2*i**2 - 2*i. Let t = -24 + 27. Let d be y(t). Let v = -22 + 40. What is the highest common factor of d and v?
6
Let b(y) = -2*y - 1. Let w(c) = 6*c + 3. Let q(t) = -11*b(t) - 4*w(t). Let g be 1 - 3 - 21/7. Let f be q(g). What is the greatest common divisor of f and 1?
1
Let y(g) = g - 11. Let v be y(14). Suppose 5*t - 105 = -5*z, -4*t + v*t + 41 = 2*z. Calculate the greatest common factor of 5 and z.
5
Suppose 4*c = 5*i - 201 - 53, 0 = -3*i - 3*c + 174. Suppose g - 5 = -0*g. Let k be g*((-42)/(-10) - 3). Calculate the greatest common factor of k and i.
6
Let v be (1 + -4)/(5/(-50)). Suppose 3*p + h = 25, v = 2*p - 0*h - 2*h. Let y = 6 + p. What is the greatest common divisor of 16 and y?
16
Let j be (1 + -4)/(6/(-38)). Suppose -l + 5*k = -4*l - j, 0 = 4*l + k - 3. What is the greatest common factor of l and 1?
1
Let m be 9/(-12)*-4 + -1. Suppose m*s + 2*n - 32 = 0, -2*n = s - 4*n - 13. Calculate the highest common divisor of s and 150.
15
Let l = 38 - -22. Calculate the highest common divisor of l and 20.
20
Let n = 177 + -121. Let x(s) = 3 - 3*s - 3*s + 3*s**2 + 3*s - 1. Let m be x(2). What is the greatest common factor of n and m?
8
Let l = -5 - -36. What is the greatest common factor of l and 155?
31
Let p(n) = n**3 - 8*n**2 + 8*n - 9. Let o = -11 + 18. Let j be p(o). Let f be j + 3 - 3*-1. What is the greatest common factor of 4 and f?
4
Let r = 27 + 1. Suppose -3*f = -0*d + d - r, -4*f + 3*d = -46. Calculate the greatest common divisor of 70 and f.
10
Let o be 2/(-4) + (-1880)/(-16). What is the greatest common factor of o and 13?
13
Suppose -2*t = -4*o + 36, 8 = 5*o - 4*t - 31. Calculate the greatest common divisor of o and 22.
11
Let n(f) = 5*f + 20. Let z be n(2). Calculate the highest common factor of 150 and z.
30
Let x be 128/(-7) + 4/14. Let h = 29 + x. Suppose 5*g - 17 - 38 = 0. Calculate the highest common divisor of h and g.
11
Suppose 3*p - 20 = -p, -5*l + 5*p + 360 = 0. Suppose 5*k - 27 = -2*g - 2*g, 3 = k + 2*g. What is the greatest common divisor of k and l?
7
Let s(p) = -p**3 + 7*p**2 - 4*p - 5. Suppose -2 - 4 = -m. Let g be s(m). What is the highest common divisor of g and 21?
7
Let r = 8 - 6. Suppose 3*n + 152 = o + r*n, 3*o + 4*n = 470. What is the greatest common factor of o and 14?
14
Let d be ((-4)/2 - -3) + 1. Let h be (d - 17)*(-4)/3. What is the highest common factor of 220 and h?
20
Suppose -3 = -2*c + 7. Calculate the highest common divisor of 2 and c.
1
Suppose 108 = 3*t + t. Suppose 0 = -3*g + t + 27. What is the greatest common factor of g and 12?
6
Suppose 2*n - 7*n = -80. Suppose n*g - 12*g - 24 = 0. Calculate the greatest common factor of 6 and g.
6
Suppose -10*q = -6*q - 160. What is the greatest common factor of q and 5?
5
Suppose -4*i + 21 - 1 = 0. Let n(o) = -o**3 + 4*o**2 + 5*o - 2. Let c be n(i). Let a be (-219)/(-15) - c/5. Calculate the greatest common factor of 5 and a.
5
Suppose -2 - 18 = -5*z. Suppose z*v - 28 = 16. Calculate the highest common divisor of 44 and v.
11
Suppose -11 - 7 = -g. Calculate the highest common factor of 9 and g.
9
Suppose 0 = -3*d - 11 - 1. Let q be ((-10)/d)/((-12)/(-216)). What is the highest common divisor of q and 18?
9
Suppose q + 156 = -3*x, -6*x = -x - 4*q + 260. Let v = 3 - x. Let t(k) = k**3 - 5*k**2 - k - 8. Let y be t(6). What is the greatest common factor of y and v?
11
Let m be 6*((-69)/(-63) - 15/35). What is the highest common divisor of m and 12?
4
Suppose 0 = -4*a + 13 + 23. Let v be -1*5/(15/(-189)). What is the highest common factor of a and v?
9
Let z = -26 - -34. Calculate the greatest common factor of z and 56.
8
Let o = -1 - -4. Let w be 40/o*6/4. Suppose w = 3*t + t. What is the highest common factor of 10 and t?
5
Let p be 273 - (9/3 + -4). Suppose 0 = 3*c - 2*r - p, -266 = -2*c - r - 88. What is the highest common factor of c and 10?
10
Let p(h) = -h**2 - 7*h + 1. Let v be p(-5). Let y = 577 + -382. Let n = -96 + y. What is the highest common divisor of v and n?
11
Let a be (-3)/(-2)*184 + -4. Calculate the highest common divisor of 34 and a.
34
Suppose y + 3*h - 3 = 5*y, 0 = 2*y + 5*h - 5. Suppose 5*s - 4*s + f - 20 = y, 59 = 3*s + 4*f. What is the highest common factor of s and 7?
7
Let d = -54 + 88. What is the highest common divisor of 374 and d?
34
Let x(v) = v**3 - 3*v**2 + 7*v - 2. Let a be x(3). Let d(i) = 2*i**3 - 3*i**2 + 4*i - 1. Let w be d(4). Calculate the greatest common divisor of w and a.
19
Let s(h) = 2 + h**2 + 6*h - 5 + 2 - 12. Let b be s(-9). Calculate the highest common factor of b and 126.
14
Suppose 0 = -5*m + 8*m - 21. Calculate the greatest common factor of m and 56.
7
Let l(d) = -1 + 1110*d**3 + 3 - 1109*d**3 + 2*d**2. Let x = 2 + -4. Let n be l(x). What is the highest common factor of 1 and n?
1
Let i = 75 - 56. Calculate the highest common factor of i and 171.
19
Suppose -2*m = -0 - 6. Let d be (12/(-10))/((-2)/10). Let j be (m - -6)/3 + d. Calculate the highest common factor of j and 63.
9
Suppose 11*u + 72 = 14*u. What is the highest common factor of u and 8?
8
Let h(i) = 24*i**3 - i**2 - i + 1. Let u be h(1). Calculate the highest common divisor of 69 and u.
23
Let i(l) = -3*l - 3. Let z be i(-2). Suppose -36 = -z*j + 30. What is the highest common divisor of j and 55?
11
Let q(r) = r**2 + r + 6. Let g be q(3). What is the greatest common divisor of 9 and g?
9
Let t(k) = k**2 - 23. Let j be t(-7). Calculate the highest common divisor of 65 and j.
13
Suppose 4*k + 4 - 24 = 0. Suppose -k*h + 81 = -3*r, -5*r = 13 - 3. What is the highest common factor of 60 and h?
15
Let d be (-55)/(-10) - 1/(-2). Let k be (2/d)/(1/57). What is the greatest common divisor of 19 and k?
19
Let x = 36 + -70. Let h be (x/8)/((-3)/12). What is the greatest common factor of h and 17?
17
Suppose 0 = 3*z - 3, 2*m + 4*z + 4 = 4*m. Suppose 0 = -m*q - s + 267, -2*q - 5*s + 144 = -s. What is the highest common divisor of q and 6?
6
Let y(u) = u**2 + 4*u - 6. Let i be y(-6). Let x be 213/i + (-1)/(-2). Suppose -6 = 2*g - 18. What is the highest common divisor of x and g?
6
Let m = -2 + 6. What is the highest common factor of 32 and m?
4
Let d = 4 + 10. Suppose 14*v - 25 = 759. Calculate the greatest common divisor of v and d.
14
Let u = 4 + 5. Let q = -201 + 291. What is the greatest common divisor of u and q?
9
Let g(c) = -c**3 + c**2 + 99. Suppose 0 = -3*v + 8*v. Let j be g(v). Suppose 5 = h - 6. Calculate the highest common factor of h and j.
11
Let r be 1 - -1 - -12 - -2. Let k = 17 + r. What is the greatest common factor of k and 11?
11
Suppose -30 = -5*p - p. What is the greatest common divisor of 2 and p?
1
Let f be (63 - 1)*(5 - (-63)/(-14)). What is the greatest common divisor of f and 279?
31
Let h(v) = 1 + 6*v**2 + 4*v**2 - 2*v - 2*v**2. Let y be h(1). What is the highest common factor of 56 and y?
7
Suppose 2*v - 4*a = 7*v + 116, 77 = -3*v + 5*a. Let i(z) = z**2 + z - 4. Let w be i(0). Let d be 5*(v/5)/w. What is the highest common divisor of 15 and d?
3
Let i(f) = 10*f - 6. Let o be i(9). Suppose 2*t + 2*t = o. Calculate the highest common f